mon divisor of q and 4.
4
Let u(y) = -y**3 + 11*y**2 + 11*y + 17. Let l be u(12). Suppose 2*a + l = 13. What is the greatest common divisor of a and 44?
4
Suppose -3 = -3*i + 4*i, -4*j + 3*i = -109. Suppose 4 + 1 = 5*n, 48 = o - 2*n. What is the highest common factor of j and o?
25
Let s = 2951 - 2950. Let m = 1 - -2. What is the greatest common divisor of m and s?
1
Let l be -154*2/12*-3. Let b = 147 - l. Calculate the highest common factor of b and 28.
14
Suppose -4*g + 6927 = -0*g - 5*s, -4*g + s = -6947. What is the greatest common divisor of 22 and g?
22
Let a(t) = -t**2 - 6*t + 10. Let z be a(-7). Let m be -1 + z + -2 - -3. Suppose 0*k + k + 5 = p, 4*p + k = 5. Calculate the greatest common factor of m and p.
1
Suppose 2*t + 4830 = 7*t. Calculate the greatest common factor of 21 and t.
21
Let g be (1/3)/(91/3822). What is the greatest common factor of 34 and g?
2
Let j = 746 + -736. Let n(r) = 21*r**2 + r - 2. Let w be n(3). Calculate the greatest common divisor of w and j.
10
Let u(x) = 23*x**2 - 2*x - 17. Let h be u(-3). What is the highest common divisor of 28 and h?
28
Let p(g) = 15*g - 585. Let n be p(40). Let d(a) = -33*a + 3. Let h be d(-4). What is the greatest common factor of n and h?
15
Suppose 0*w + w + 3 = 0. Let a(r) = -44*r. Let l be a(w). What is the highest common divisor of 33 and l?
33
Let f = 0 - -3. Suppose -6 = -t - 3*s, -t + 5*s = -5*t + 59. Let x = t + -6. What is the greatest common divisor of x and f?
3
Let l(g) = -11*g - 4. Let b be l(-1). Suppose -6*j + 3*j = -81. Suppose -4*k - b = -j. What is the highest common divisor of k and 5?
5
Suppose -k + 3*q + 8 = -1, 11 = 2*k + q. Let n = 6 + -4. Calculate the greatest common divisor of n and k.
2
Let q(c) = -c**3 + 5*c**2 + 8*c - 9. Let a be q(6). Suppose 6*b - 1340 = b + 4*i, 0 = -b - a*i + 249. Calculate the highest common factor of 24 and b.
24
Let i = -5 - -50. Let s(w) = -w**2 + 5*w + 41. Let u be s(9). Calculate the greatest common divisor of u and i.
5
Let t be (-99)/2*(-32)/48. Calculate the greatest common factor of 396 and t.
33
Let v(j) = 5*j + 22. Let s be v(-5). Let a be s/(-1) + (1262 - -15). Let x be (-4)/14 - a/(-70). Calculate the highest common factor of x and 18.
18
Suppose -g - 4*g + 70 = -5*p, -2*p - 8 = 0. Suppose 0 = g*k - 6*k - 44. Let y be (-3 - k/(-2))*22. Calculate the greatest common divisor of y and 22.
11
Suppose -4 = 2*a, -a + 214 = 4*y + 2*a. Suppose 4*t + y = 615. What is the greatest common divisor of 35 and t?
35
Let w(m) = -m**2 - 11*m + 15. Let r be w(-6). Calculate the greatest common divisor of 63 and r.
9
Suppose -65*r = -63*r - 38. What is the greatest common divisor of 1539 and r?
19
Let l(o) = 8*o**3 - 9*o**3 + o + 5*o - 1 + 4*o**2. Let v be l(5). Calculate the highest common divisor of v and 4.
4
Let w(h) = h**2 + 15*h + 15. Let a be w(-7). Let s = 75 + a. Let f = -6 + s. What is the highest common factor of 112 and f?
28
Let r = 1163 - -215. Let z = r - 454. Let x be 4/26 - z/(-78). What is the highest common factor of 132 and x?
12
Let f(z) = z**3 + 7*z**2 + 9*z - 9. Let b be f(-6). Let k = b - -87. Calculate the greatest common factor of 48 and k.
12
Suppose -a + 2*a - 3 = 0. Let i = 50 + -44. Calculate the greatest common factor of i and a.
3
Let j(o) = -o**3 - 13*o**2 - 16*o + 7. Let v be j(-12). Suppose 2*u - 4*s = 56, -2*u + 4*s + v = -s. Calculate the greatest common divisor of u and 6.
6
Let r = 25 + 2. Let n = 4 - 3. Let a be 1/((-40)/(-36) - n). Calculate the greatest common factor of a and r.
9
Let o = -7 - -12. Let n(z) = z**2 - 5*z + 6. Let p be n(5). Let l be -9*(-14)/p + 4. What is the highest common factor of l and o?
5
Let q(z) = z**2 - 8*z + 17. Let s be q(6). Suppose -4*d + 184 = 7*u - 3*u, s*u - d = 218. What is the greatest common divisor of 66 and u?
22
Let b(k) = k**3 - 11*k**2 + 18*k + 13. Let m be b(9). Calculate the highest common factor of m and 2.
1
Let q = 719 - 715. Suppose 4*x + 0*k - k - 132 = 0, -k + 124 = 4*x. Suppose x = s + s. Calculate the highest common factor of q and s.
4
Suppose -35*n + 1020 = -15*n. Calculate the highest common factor of 578 and n.
17
Suppose -46 = -3*n - 37. Calculate the greatest common factor of n and 93.
3
Let d be (8/64)/(11/88). Calculate the greatest common factor of d and 229.
1
Let a be 6 + -8*6/(-12). What is the greatest common factor of 4 and a?
2
Let t = 2476 + -2464. Calculate the highest common factor of 96 and t.
12
Let j be (-21)/7*-21 + 7. What is the greatest common factor of 56 and j?
14
Suppose 2*o + w = -3*w + 248, -257 = -2*o + 5*w. Calculate the greatest common divisor of o and 36.
18
Suppose -9791 = -12*t - 3611. What is the highest common factor of t and 309?
103
Let a(l) = -7*l - 1. Let h be a(-1). Let o = h - 7. Let p be 33/o*30/(-9). Calculate the highest common divisor of 22 and p.
22
Let j be (-1)/(-3*1/9). Suppose 4*z = -2*n + 8, 7 = j*n - 5. Suppose 4*d + 2*a - 18 = -z*d, -3*a + 11 = 2*d. What is the highest common divisor of 24 and d?
4
Let u be (-11492)/(-286) + (-4)/22. What is the highest common factor of u and 1280?
40
Let s be (-1028)/(-19) + 2/(-19). Suppose -s*b + 53*b = -80. Suppose -3*g + 3 = 6, 0 = -x - g + 31. Calculate the highest common factor of x and b.
16
Let f = 2920 - 1379. Calculate the highest common factor of f and 23.
23
Let t = -1423 + 1469. Calculate the greatest common factor of 920 and t.
46
Let d be 12/(-4)*8/(-6). Suppose q = -d*l + 327, 5*l - 2*q - 415 = 3*q. Let r = 134 - l. Calculate the highest common divisor of r and 130.
26
Suppose 3*w - 2*y = -y + 551, 20 = -4*y. Let p = 129 - 103. Calculate the greatest common factor of p and w.
26
Suppose 2*g = -m + 28, -m + 4*g + 100 = 3*m. Calculate the highest common divisor of 286 and m.
26
Suppose 26*j - 10*j = 320. Suppose -23 = -a + x + 5, 0 = 2*a + x - 62. What is the highest common factor of a and j?
10
Let n = 708 - 682. Calculate the greatest common divisor of n and 754.
26
Let i(n) = n**3 + 3*n**2 + 4*n - 4. Let h be i(-4). Let y = h - -45. Calculate the greatest common divisor of y and 18.
9
Suppose -35*d = -33*d - 4. Suppose -d = -b + 18. What is the highest common divisor of 100 and b?
20
Suppose 0 = -385*u + 361*u + 4320. What is the greatest common factor of u and 100?
20
Let r(n) = 10*n + 39. Let p(u) = 50*u + 196. Let q(x) = 2*p(x) - 11*r(x). Let k be q(-5). What is the highest common factor of 169 and k?
13
Let v(t) = -27*t - 32. Let x be v(-4). Calculate the highest common divisor of x and 190.
38
Suppose -4*m + 10 = 2. Suppose -56 = -5*b + 3*v + 65, 38 = m*b + 4*v. Calculate the greatest common factor of 115 and b.
23
Suppose -4*h + 68 = -236. Let o be -1 - -191 - 0/1. Calculate the greatest common divisor of o and h.
38
Suppose n + 12*i - 11*i - 192 = 0, -4*n + i = -748. What is the highest common divisor of n and 47?
47
Let a be 126/4 - -3*(-5)/30. Suppose 26*d + 35 = a*d. Calculate the greatest common factor of d and 77.
7
Suppose -2*y - y = -q + 56, q = -2*y + 31. What is the greatest common factor of 41 and q?
41
Let s(z) = 2*z**3 - 7*z**2 - 2*z + 20. Let t be s(5). Let b be 346/10 + 34/t. What is the greatest common factor of 7 and b?
7
Let p = -68 - -147. Suppose -g + 262 = 2*g + 2*h, -g + p = -h. Suppose -5*j + 7*j - g = 0. What is the greatest common factor of j and 63?
21
Let k = -40 - -70. Let i be k*((-2)/(-3))/1. Let a(m) = -5*m**3 - 12*m**2 + m - 4. Let o be a(-3). What is the greatest common divisor of i and o?
20
Suppose -4*v - 5*a = 87, 0 = -6*v + 7*v - a + 15. Suppose 71 = -3*k - 4*c - c, -14 = 2*k - 5*c. Let u = k - v. What is the highest common divisor of 1 and u?
1
Suppose -104*t = -0 - 832. Let c be (2/3)/((-2)/(-60)). Calculate the highest common divisor of c and t.
4
Let a(c) = 35*c + 148. Let j be a(3). What is the greatest common divisor of j and 77?
11
Suppose 2*m - 6*m - r = -17, 0 = -4*m - 5*r + 5. Calculate the highest common factor of m and 145.
5
Let g(r) = -25*r + 13*r + 7*r - 34. Let z be g(-10). Suppose -2*w - 2*i + 1 = -1, 5 = -w - 3*i. Calculate the greatest common factor of w and z.
4
Let p = -52 - -116. Let z(b) = -b**3 - 12*b**2 - 5*b + 36. Let t be z(-12). Calculate the highest common factor of t and p.
32
Let t(h) = h**2 - 8*h + 4. Let i be t(8). Suppose -i*l + 24 = -4. What is the highest co